{"id":109,"date":"2021-01-12T03:45:22","date_gmt":"2021-01-12T03:45:22","guid":{"rendered":"http:\/\/spadkowebiuro.pl\/index.php\/ksiegowosc\/"},"modified":"2021-01-12T03:45:29","modified_gmt":"2021-01-12T03:45:29","slug":"ksiegowosc","status":"publish","type":"page","link":"https:\/\/spadkowebiuro.pl\/index.php\/ksiegowosc\/","title":{"rendered":"Ksi\u0119gowo\u015b\u0107"},"content":{"rendered":"\n  \n    <section class=\"-lg -sm -xl -xs u-align-center u-clearfix u-image u-section-1\" src=\"\" id=\"sec-996b\" data-image-width=\"1280\" data-image-height=\"754\">\n      <div class=\"u-clearfix u-sheet u-sheet-1\">\n        <div class=\"u-container-style u-group u-white u-group-1\">\n          <div class=\"u-container-layout u-valign-middle u-container-layout-1\">\n            <h1 class=\"u-align-left u-custom-font u-font-montserrat u-text u-text-palette-1-base u-text-1\">\n              <br>Us\u0142ugi<br>Ksi\u0119gowe\n            <\/h1>\n          <\/div>\n        <\/div>\n      <\/div>\n    <\/section>\n    <section class=\"u-clearfix u-section-2\" id=\"sec-b74a\">\n      <div class=\"u-clearfix u-sheet u-sheet-1\">\n        <div class=\"u-container-style u-expanded-width u-group u-shape-rectangle u-group-1\">\n          <div class=\"u-container-layout u-valign-top-xl u-container-layout-1\">\n            <h2 class=\"u-custom-font u-font-montserrat u-text u-text-palette-1-base u-text-1\">Zakres prowadzonych us\u0142ug ksi\u0119gowych:<br>\n            <\/h2>\n          <\/div>\n        <\/div>\n        <div class=\"u-clearfix u-expanded-width u-layout-wrap u-layout-wrap-1\">\n          <div class=\"u-gutter-0 u-layout\">\n            <div class=\"u-layout-row\">\n              <div class=\"u-container-style u-layout-cell u-size-60 u-layout-cell-1\">\n                <div class=\"u-container-layout u-valign-top u-container-layout-2\">\n                  <p class=\"u-text u-text-body-color u-text-2\">Pomoc\n\tprzy za\u0142o\u017ceniu dzia\u0142alno\u015bci gospodarczej<br>Pomoc w\n\twyborze najkorzystniejszej formy opodatkowania&nbsp;<br>Prowadzenie\n\tpodatkowej ksi\u0105\u017cki przychod\u00f3w i rozchod\u00f3w zgodnie z\n\tobowi\u0105zuj\u0105cymi przepisami<br>Prowadzenie\n\tewidencji przychod\u00f3w dla cel\u00f3w zrycza\u0142towanego podatku\n\tdochodowego<br>Prowadzenie\n\tewidencji VAT&nbsp;<br>Sporz\u0105dzanie\n\tplik\u00f3w JPK&nbsp;<br>Prowadzenie\n\tewidencji \u015brodk\u00f3w trwa\u0142ych, warto\u015bci niematerialnych i prawnych\n\toraz wyposa\u017cenia<br>Reprezentowanie\n\tKlienta przed Urz\u0119dem Skarbowym oraz Zak\u0142adem Ubezpiecze\u0144\n\tSpo\u0142ecznych<br>Sporz\u0105dzanie\n\tmiesi\u0119cznych i rocznych deklaracji podatkowych&nbsp;<br>Pomoc\n\tprzy sporz\u0105dzaniu remanent\u00f3w\n                  <\/p>\n                <\/div>\n              <\/div>\n            <\/div>\n          <\/div>\n        <\/div>\n      <\/div>\n    <\/section>\n    \n    \n    \n  \n","protected":false},"excerpt":{"rendered":"<p>Us\u0142ugiKsi\u0119gowe Zakres prowadzonych us\u0142ug ksi\u0119gowych: Pomoc przy za\u0142o\u017ceniu dzia\u0142alno\u015bci gospodarczejPomoc w wyborze najkorzystniejszej formy opodatkowania&nbsp;Prowadzenie podatkowej ksi\u0105\u017cki przychod\u00f3w i rozchod\u00f3w zgodnie z obowi\u0105zuj\u0105cymi przepisamiProwadzenie ewidencji przychod\u00f3w dla cel\u00f3w zrycza\u0142towanego podatku dochodowegoProwadzenie ewidencji VAT&nbsp;Sporz\u0105dzanie plik\u00f3w JPK&nbsp;Prowadzenie ewidencji \u015brodk\u00f3w trwa\u0142ych, warto\u015bci niematerialnych i prawnych oraz wyposa\u017ceniaReprezentowanie Klienta przed Urz\u0119dem Skarbowym oraz Zak\u0142adem Ubezpiecze\u0144 Spo\u0142ecznychSporz\u0105dzanie miesi\u0119cznych i rocznych &hellip; <a href=\"https:\/\/spadkowebiuro.pl\/index.php\/ksiegowosc\/\" class=\"more-link\">Continue reading<span class=\"screen-reader-text\"> &#8222;Ksi\u0119gowo\u015b\u0107&#8221;<\/span><\/a><\/p>\n","protected":false},"author":1,"featured_media":0,"parent":0,"menu_order":3,"comment_status":"closed","ping_status":"closed","template":"","meta":[],"yoast_head":"<!-- This site is optimized with the Yoast SEO plugin v15.6.2 - https:\/\/yoast.com\/wordpress\/plugins\/seo\/ -->\n<title>Ksi\u0119gowo\u015b\u0107 - Spadkowe Biuro Rachunkowe Iwona Stryjakiewicz<\/title>\n<meta name=\"robots\" content=\"index, follow, max-snippet:-1, max-image-preview:large, max-video-preview:-1\" \/>\n<link rel=\"canonical\" href=\"https:\/\/spadkowebiuro.pl\/index.php\/ksiegowosc\/\" \/>\n<meta property=\"og:locale\" content=\"pl_PL\" \/>\n<meta property=\"og:type\" content=\"article\" \/>\n<meta property=\"og:title\" content=\"Ksi\u0119gowo\u015b\u0107 - Spadkowe Biuro Rachunkowe Iwona Stryjakiewicz\" \/>\n<meta property=\"og:description\" content=\"Us\u0142ugiKsi\u0119gowe Zakres prowadzonych us\u0142ug ksi\u0119gowych: Pomoc przy za\u0142o\u017ceniu dzia\u0142alno\u015bci gospodarczejPomoc w wyborze najkorzystniejszej formy opodatkowania&nbsp;Prowadzenie podatkowej ksi\u0105\u017cki przychod\u00f3w i rozchod\u00f3w zgodnie z obowi\u0105zuj\u0105cymi przepisamiProwadzenie ewidencji przychod\u00f3w dla cel\u00f3w zrycza\u0142towanego podatku dochodowegoProwadzenie ewidencji VAT&nbsp;Sporz\u0105dzanie plik\u00f3w JPK&nbsp;Prowadzenie ewidencji \u015brodk\u00f3w trwa\u0142ych, warto\u015bci niematerialnych i prawnych oraz wyposa\u017ceniaReprezentowanie Klienta przed Urz\u0119dem Skarbowym oraz Zak\u0142adem Ubezpiecze\u0144 Spo\u0142ecznychSporz\u0105dzanie miesi\u0119cznych i rocznych &hellip; Continue reading &quot;Ksi\u0119gowo\u015b\u0107&quot;\" \/>\n<meta property=\"og:url\" content=\"https:\/\/spadkowebiuro.pl\/index.php\/ksiegowosc\/\" \/>\n<meta property=\"og:site_name\" content=\"Spadkowe Biuro Rachunkowe Iwona Stryjakiewicz\" \/>\n<meta property=\"article:modified_time\" content=\"2021-01-12T03:45:29+00:00\" \/>\n<meta name=\"twitter:card\" content=\"summary_large_image\" \/>\n<script type=\"application\/ld+json\" class=\"yoast-schema-graph\">{\"@context\":\"https:\/\/schema.org\",\"@graph\":[{\"@type\":\"WebSite\",\"@id\":\"https:\/\/spadkowebiuro.pl\/#website\",\"url\":\"https:\/\/spadkowebiuro.pl\/\",\"name\":\"Spadkowe Biuro Rachunkowe Iwona Stryjakiewicz\",\"description\":\"\",\"potentialAction\":[{\"@type\":\"SearchAction\",\"target\":\"https:\/\/spadkowebiuro.pl\/?s={search_term_string}\",\"query-input\":\"required name=search_term_string\"}],\"inLanguage\":\"pl-PL\"},{\"@type\":\"WebPage\",\"@id\":\"https:\/\/spadkowebiuro.pl\/index.php\/ksiegowosc\/#webpage\",\"url\":\"https:\/\/spadkowebiuro.pl\/index.php\/ksiegowosc\/\",\"name\":\"Ksi\\u0119gowo\\u015b\\u0107 - Spadkowe Biuro Rachunkowe Iwona Stryjakiewicz\",\"isPartOf\":{\"@id\":\"https:\/\/spadkowebiuro.pl\/#website\"},\"datePublished\":\"2021-01-12T03:45:22+00:00\",\"dateModified\":\"2021-01-12T03:45:29+00:00\",\"inLanguage\":\"pl-PL\",\"potentialAction\":[{\"@type\":\"ReadAction\",\"target\":[\"https:\/\/spadkowebiuro.pl\/index.php\/ksiegowosc\/\"]}]}]}<\/script>\n<!-- \/ Yoast SEO plugin. -->","_links":{"self":[{"href":"https:\/\/spadkowebiuro.pl\/index.php\/wp-json\/wp\/v2\/pages\/109"}],"collection":[{"href":"https:\/\/spadkowebiuro.pl\/index.php\/wp-json\/wp\/v2\/pages"}],"about":[{"href":"https:\/\/spadkowebiuro.pl\/index.php\/wp-json\/wp\/v2\/types\/page"}],"author":[{"embeddable":true,"href":"https:\/\/spadkowebiuro.pl\/index.php\/wp-json\/wp\/v2\/users\/1"}],"replies":[{"embeddable":true,"href":"https:\/\/spadkowebiuro.pl\/index.php\/wp-json\/wp\/v2\/comments?post=109"}],"version-history":[{"count":1,"href":"https:\/\/spadkowebiuro.pl\/index.php\/wp-json\/wp\/v2\/pages\/109\/revisions"}],"predecessor-version":[{"id":125,"href":"https:\/\/spadkowebiuro.pl\/index.php\/wp-json\/wp\/v2\/pages\/109\/revisions\/125"}],"wp:attachment":[{"href":"https:\/\/spadkowebiuro.pl\/index.php\/wp-json\/wp\/v2\/media?parent=109"}],"curies":[{"name":"wp","href":"https:\/\/api.w.org\/{rel}","templated":true}]}}