{"id":119,"date":"2021-01-12T03:45:27","date_gmt":"2021-01-12T03:45:27","guid":{"rendered":"http:\/\/spadkowebiuro.pl\/index.php\/kontakt\/"},"modified":"2021-01-12T04:15:33","modified_gmt":"2021-01-12T04:15:33","slug":"kontakt","status":"publish","type":"page","link":"https:\/\/spadkowebiuro.pl\/index.php\/kontakt\/","title":{"rendered":"Kontakt"},"content":{"rendered":"\n    \n    <section class=\"u-clearfix u-section-2\" id=\"sec-ed11\">\n      <div class=\"u-clearfix u-sheet u-sheet-1\">\n        <div class=\"u-align-left u-container-style u-expanded-width u-group u-shape-rectangle u-group-1\">\n          <div class=\"u-container-layout u-valign-top-lg u-valign-top-md u-valign-top-sm u-valign-top-xl u-container-layout-1\">\n            <h2 class=\"u-custom-font u-font-montserrat u-text u-text-palette-1-base u-text-1\">Kontakt<\/h2>\n            <h2 class=\"u-custom-font u-font-montserrat u-text u-text-palette-1-base u-text-2\">z nami<\/h2>\n          <\/div>\n        <\/div>\n        <div class=\"u-clearfix u-expanded-width u-layout-wrap u-layout-wrap-1\">\n          <div class=\"u-layout\">\n            <div class=\"u-layout-row\">\n              <div class=\"u-container-style u-layout-cell u-left-cell u-size-31-md u-size-31-sm u-size-31-xl u-size-31-xs u-size-36-lg u-layout-cell-1\">\n                <div class=\"u-container-layout u-valign-top-lg u-valign-top-md u-valign-top-sm u-valign-top-xs u-container-layout-2\">\n                  <p class=\"u-text u-text-body-color u-text-3\">Iwona Stryjakiewicz<br>tel. 721 - 552 - 999<br>\n                  <\/p>\n                <\/div>\n              <\/div>\n              <div class=\"u-align-left-sm u-align-left-xs u-container-style u-layout-cell u-right-cell u-size-24-lg u-size-29-md u-size-29-sm u-size-29-xl u-size-29-xs u-layout-cell-2\">\n                <div class=\"u-container-layout u-valign-top-md u-valign-top-sm u-valign-top-xs u-container-layout-3\">\n                  <div class=\"u-expanded-width-md u-expanded-width-sm u-expanded-width-xs u-form u-form-1\">\n                    <form action=\"#\" method=\"POST\" class=\"u-clearfix u-form-spacing-15 u-form-vertical u-inner-form\" style=\"padding: 15px;\" source=\"custom\" name=\"form\">\n                      <div class=\"u-form-group u-form-name u-form-group-1\">\n                        <label for=\"name-7f2e\" class=\"u-form-control-hidden u-label\">Nazwa<\/label>\n                        <input type=\"text\" placeholder=\"Nazwa\" id=\"name-7f2e\" name=\"name\" class=\"u-border-1 u-border-grey-30 u-input u-input-rectangle\" required=\"\">\n                      <\/div>\n                      <div class=\"u-form-email u-form-group u-form-group-2\">\n                        <label for=\"email-7f2e\" class=\"u-form-control-hidden u-label\">E-mail<\/label>\n                        <input type=\"email\" placeholder=\"E-mail\" id=\"email-7f2e\" name=\"email\" class=\"u-border-1 u-border-grey-30 u-input u-input-rectangle\" required=\"\">\n                      <\/div>\n                      <div class=\"u-form-group u-form-message u-form-group-3\">\n                        <label for=\"message-7f2e\" class=\"u-form-control-hidden u-label\">Adres<\/label>\n                        <textarea placeholder=\"Adres\" rows=\"4\" cols=\"50\" id=\"message-7f2e\" name=\"message\" class=\"u-border-1 u-border-grey-30 u-input u-input-rectangle\" required=\"\"><\/textarea>\n                      <\/div>\n                      <div class=\"u-align-left u-form-group u-form-submit u-form-group-4\">\n                        <a href=\"https:\/\/nicepage.com\" class=\"u-border-1 u-border-grey-30 u-btn u-btn-submit u-button-style u-hover-palette-4-base u-none u-text-black u-text-hover-white u-btn-1\">Wy\u015blij wiadomo\u015b\u0107<\/a>\n                        <input type=\"submit\" value=\"submit\" class=\"u-form-control-hidden\">\n                      <\/div>\n                      <div class=\"u-form-send-message u-form-send-success\">Dzi\u0119kujemy! Twoja wiadomo\u015b\u0107 zosta\u0142a wys\u0142ana.<\/div>\n                      <div class=\"u-form-send-error u-form-send-message\">Nie mo\u017cna wys\u0142a\u0107 wiadomo\u015bci. Prosz\u0119 poprawi\u0107 b\u0142\u0119dy i spr\u00f3bowa\u0107 ponownie.<\/div>\n                      <input type=\"hidden\" value=\"\" name=\"recaptchaResponse\">\n                    <\/form>\n                  <\/div>\n                <\/div>\n              <\/div>\n            <\/div>\n          <\/div>\n        <\/div>\n      <\/div>\n    <\/section>\n    <section class=\"u-clearfix u-grey-light-2 u-typography-custom-page-typography-12--Map u-section-3\" id=\"sec-b419\">\n      <div class=\"u-expanded u-grey-light-2 u-map\">\n        <div class=\"embed-responsive\">\n          <iframe class=\"embed-responsive-item\" src=\"\/\/maps.google.com\/maps?output=embed&amp;q=ul.%20Waniliowa%2024%2F8%2C%20Wroc%C5%82aw&amp;z=17&amp;t=m\" data-map=\"JTdCJTIycG9zaXRpb25UeXBlJTIyJTNBJTIybWFwLWFkZHJlc3MlMjIlMkMlMjJhZGRyZXNzJTIyJTNBJTIydWwuJTIwV2FuaWxpb3dhJTIwMjQlMkY4JTJDJTIwV3JvYyVDNSU4MmF3JTIyJTJDJTIyem9vbSUyMiUzQTE3JTJDJTIydHlwZUlkJTIyJTNBJTIycm9hZCUyMiUyQyUyMmxhbmclMjIlM0FudWxsJTJDJTIyYXBpS2V5JTIyJTNBbnVsbCUyQyUyMm1hcmtlcnMlMjIlM0ElNUIlNUQlN0Q=\"><\/iframe>\n        <\/div>\n      <\/div>\n      <div class=\"u-clearfix u-sheet u-sheet-1\"><\/div>\n    <\/section>\n    \n    \n  \n","protected":false},"excerpt":{"rendered":"<p>Kontakt z nami Iwona Stryjakiewicztel. 721 &#8211; 552 &#8211; 999 Nazwa E-mail Adres Wy\u015blij wiadomo\u015b\u0107 Dzi\u0119kujemy! Twoja wiadomo\u015b\u0107 zosta\u0142a wys\u0142ana. Nie mo\u017cna wys\u0142a\u0107 wiadomo\u015bci. Prosz\u0119 poprawi\u0107 b\u0142\u0119dy i spr\u00f3bowa\u0107 ponownie.<\/p>\n","protected":false},"author":1,"featured_media":0,"parent":0,"menu_order":8,"comment_status":"closed","ping_status":"closed","template":"","meta":[],"yoast_head":"<!-- This site is optimized with the Yoast SEO plugin v15.6.2 - https:\/\/yoast.com\/wordpress\/plugins\/seo\/ -->\n<title>Kontakt - Spadkowe Biuro Rachunkowe Iwona Stryjakiewicz<\/title>\n<meta name=\"robots\" content=\"index, follow, max-snippet:-1, max-image-preview:large, max-video-preview:-1\" \/>\n<link rel=\"canonical\" href=\"https:\/\/spadkowebiuro.pl\/index.php\/kontakt\/\" \/>\n<meta property=\"og:locale\" content=\"pl_PL\" \/>\n<meta property=\"og:type\" content=\"article\" \/>\n<meta property=\"og:title\" content=\"Kontakt - Spadkowe Biuro Rachunkowe Iwona Stryjakiewicz\" \/>\n<meta property=\"og:description\" content=\"Kontakt z nami Iwona Stryjakiewicztel. 721 - 552 - 999 Nazwa E-mail Adres Wy\u015blij wiadomo\u015b\u0107 Dzi\u0119kujemy! Twoja wiadomo\u015b\u0107 zosta\u0142a wys\u0142ana. Nie mo\u017cna wys\u0142a\u0107 wiadomo\u015bci. Prosz\u0119 poprawi\u0107 b\u0142\u0119dy i spr\u00f3bowa\u0107 ponownie.\" \/>\n<meta property=\"og:url\" content=\"https:\/\/spadkowebiuro.pl\/index.php\/kontakt\/\" \/>\n<meta property=\"og:site_name\" content=\"Spadkowe Biuro Rachunkowe Iwona Stryjakiewicz\" \/>\n<meta property=\"article:modified_time\" content=\"2021-01-12T04:15:33+00:00\" \/>\n<meta name=\"twitter:card\" content=\"summary_large_image\" \/>\n<script type=\"application\/ld+json\" class=\"yoast-schema-graph\">{\"@context\":\"https:\/\/schema.org\",\"@graph\":[{\"@type\":\"WebSite\",\"@id\":\"https:\/\/spadkowebiuro.pl\/#website\",\"url\":\"https:\/\/spadkowebiuro.pl\/\",\"name\":\"Spadkowe Biuro Rachunkowe Iwona Stryjakiewicz\",\"description\":\"\",\"potentialAction\":[{\"@type\":\"SearchAction\",\"target\":\"https:\/\/spadkowebiuro.pl\/?s={search_term_string}\",\"query-input\":\"required name=search_term_string\"}],\"inLanguage\":\"pl-PL\"},{\"@type\":\"WebPage\",\"@id\":\"https:\/\/spadkowebiuro.pl\/index.php\/kontakt\/#webpage\",\"url\":\"https:\/\/spadkowebiuro.pl\/index.php\/kontakt\/\",\"name\":\"Kontakt - Spadkowe Biuro Rachunkowe Iwona Stryjakiewicz\",\"isPartOf\":{\"@id\":\"https:\/\/spadkowebiuro.pl\/#website\"},\"datePublished\":\"2021-01-12T03:45:27+00:00\",\"dateModified\":\"2021-01-12T04:15:33+00:00\",\"inLanguage\":\"pl-PL\",\"potentialAction\":[{\"@type\":\"ReadAction\",\"target\":[\"https:\/\/spadkowebiuro.pl\/index.php\/kontakt\/\"]}]}]}<\/script>\n<!-- \/ Yoast SEO plugin. -->","_links":{"self":[{"href":"https:\/\/spadkowebiuro.pl\/index.php\/wp-json\/wp\/v2\/pages\/119"}],"collection":[{"href":"https:\/\/spadkowebiuro.pl\/index.php\/wp-json\/wp\/v2\/pages"}],"about":[{"href":"https:\/\/spadkowebiuro.pl\/index.php\/wp-json\/wp\/v2\/types\/page"}],"author":[{"embeddable":true,"href":"https:\/\/spadkowebiuro.pl\/index.php\/wp-json\/wp\/v2\/users\/1"}],"replies":[{"embeddable":true,"href":"https:\/\/spadkowebiuro.pl\/index.php\/wp-json\/wp\/v2\/comments?post=119"}],"version-history":[{"count":1,"href":"https:\/\/spadkowebiuro.pl\/index.php\/wp-json\/wp\/v2\/pages\/119\/revisions"}],"predecessor-version":[{"id":130,"href":"https:\/\/spadkowebiuro.pl\/index.php\/wp-json\/wp\/v2\/pages\/119\/revisions\/130"}],"wp:attachment":[{"href":"https:\/\/spadkowebiuro.pl\/index.php\/wp-json\/wp\/v2\/media?parent=119"}],"curies":[{"name":"wp","href":"https:\/\/api.w.org\/{rel}","templated":true}]}}